a composite number?
True
Let h(o) = 3*o**3 + 18*o**2 - 218*o - 37. Is h(26) a composite number?
True
Suppose 0 = -2*m + p + 14, 3*m - p + 4*p = 12. Let d be m/(-4) - (-7854)/28. Suppose r - 167 = d. Is r composite?
True
Suppose 3*b - 179413 = 50*u - 55*u, -71750 = -2*u - 5*b. Is u prime?
False
Let z = -41442 + 74801. Is z a composite number?
False
Let y(k) = 1171*k - 8260. Is y(67) a composite number?
True
Suppose 3380078 + 2959744 + 8313232 = 122*a. Is a a composite number?
True
Let z be ((4 - 3)*4)/((-1)/704). Let u = -1735 - z. Is u a composite number?
True
Let g = 1081861 - -269484. Is g a prime number?
False
Is 671745 - (-9 - (-5)/35*7) a prime number?
True
Suppose 42*y - 144659 - 4897063 = 0. Is y a composite number?
False
Suppose -2*v = u - 866663 - 108857, 2*v - 5*u = 975556. Is v a prime number?
False
Let x(y) = 10992*y**2 + 68*y + 379. Is x(-7) composite?
False
Let l be (-1)/(-4) - (-222)/8. Let k(r) = -21*r**2 + 23*r + 160. Let o be k(12). Is ((35/l)/(-5))/(1/o) a prime number?
True
Let l = -135 - -138. Suppose -l*f - 10*c + 71984 = -9*c, 0 = -2*c - 2. Is f prime?
False
Suppose 10*m - 9*m = -20. Let i = 427 + m. Is i prime?
False
Let o = 41 + -36. Suppose q - 2*b + 2 = 0, -14 = -q + 2*q - o*b. Is q/8 + (2 - 531/(-12)) prime?
True
Let x = 2460 - 1149. Suppose -x = 2*k - 6905. Is k a composite number?
False
Let c be (-21 - 2084324/(-330)) + -1 + (-26)/(-30). Let o be (-22)/(-5) - 4/10. Suppose -l - o*l = -c. Is l a prime number?
True
Let v be 2*(-36)/8 + 3 + -2. Let t be (0 + (v - -4 - -4))*-1. Suppose -5*y + 4*x + 33361 = t, 0 = 2*y - 7*y - 5*x + 33370. Is y a prime number?
True
Let o(c) = c + 14. Let q be o(0). Let z(g) = 353*g - 69. Is z(q) a prime number?
False
Let q be (-18)/(-9 - -3)*1. Suppose -12797 = 2*c - q*c + 3*t, -12787 = -c - 2*t. Is c composite?
False
Let u(n) = 3*n**3 + 4*n**2 - 4*n + 8. Let a be u(-4). Let s = 113 + a. Let w(o) = 3*o**3 - 8*o**2 + 4*o - 4. Is w(s) composite?
False
Let v = -37 - -60. Let h = 26 - v. Suppose h*i + 3*i = 3498. Is i a composite number?
True
Let s = 2666 - 4556. Let v(x) = -468*x**3 + 3*x**2 + x - 3. Let k be v(-2). Let l = k + s. Is l composite?
False
Let a = -11315 - -16632. Let y = -2540 + a. Is y a prime number?
True
Let r = -229 - -231. Suppose -1075 = r*f - 11337. Is f composite?
True
Let g(l) = 10*l**3 - 4*l**2 + l - 4. Let m be g(3). Suppose 0 = 15*q + 589 + 1316. Let u = q + m. Is u a composite number?
True
Let p(t) = 3 - 1 + 3 + 9*t**2 - 3 - 16*t. Let h(s) = -5*s**2 + 8*s - 1. Let i(z) = 5*h(z) + 3*p(z). Is i(9) a composite number?
True
Suppose 2*j = -131*i + 133*i - 324682, -8 = -4*j. Is i prime?
True
Suppose -32*d - 351003 = -4*v - 27*d, 4*d - 263291 = -3*v. Is v prime?
False
Let j(m) = m**3 - 9*m**2 - 12*m + 24. Let o be j(10). Suppose 36 = 2*n + o*x, -4*x = -5*n - 5*x + 72. Suppose -16*i + n*i + 422 = 0. Is i a composite number?
False
Suppose 2*s = 5*h - 10, 4*s - 6 = -3*h - 0*h. Suppose -8 = -h*i - 0*f - 2*f, 3 = 2*i - 3*f. Is 95 - (-8)/(-12)*i composite?
True
Let p(m) = -m**3 - 6*m**2 + 13*m - 1. Let b(r) = 13*r - 18. Let l be b(2). Suppose 5*d - 2*q = -80, l*q = 5*d + 4*q + 90. Is p(d) prime?
False
Let g be (-2)/12*(-501 - 33). Suppose 84*w + 11285 = g*w. Is w composite?
True
Suppose 4*n + 3*p - 29340 = 0, -n - p - 2*p + 7326 = 0. Let g = n + 43234. Is g/36 - 2/(-9) a composite number?
True
Let w(p) = p**2 + 25*p + 39. Let t be w(-19). Let h = t + 82. Suppose -h*u + 925 = -321. Is u a composite number?
True
Suppose -9 = -3*r, -4*t = 19*r - 18*r - 16255. Let o = t - 1512. Is o prime?
True
Suppose 11*v + 1790 = 64380. Is 1*v/((-5)/(-1)) - 0 a prime number?
False
Suppose -3*b - 5*b = -16. Suppose 0 = a + 4*a - 4*x - 2558, -b*a - 5*x = -1043. Let d = a - 21. Is d composite?
True
Suppose 18*l = 179664 + 2104842. Is l a composite number?
True
Let s(g) = 15736*g - 1521. Is s(4) prime?
False
Let b(y) = 40550*y**2 + 78*y + 9. Is b(5) a prime number?
True
Let h(x) = x**3 + 34*x**2 - 34*x + 6. Let p(r) = -r**3 - 15*r**2 + r - 16. Let k be p(-15). Is h(k) a prime number?
True
Let p = 1313 + -7795. Is (-2 - p - -3)/((-66)/(-44)) a prime number?
False
Suppose 0 = -25*d - 31*d + 168. Suppose -d*f + 64019 = 2498. Is f a composite number?
False
Let j = 8663 + 55098. Is j prime?
True
Let p(b) = 3*b - 25. Let f be p(5). Let r be 24/f*20/3. Is r/48 - 7544/(-6) a composite number?
True
Let u(z) = -79*z**3 - 8*z**2 - 6*z + 50. Is u(-9) composite?
False
Suppose -195*l + 189*l = -96. Suppose -l*m + 17387 = -66981. Is m composite?
False
Is ((-3)/(-4))/(135/24274260) a prime number?
True
Let w(m) = m**3 + 3*m**2 - 13*m + 6. Let c be w(-6). Let u = 4469 - c. Is u composite?
False
Let w be 0 + -6 + 8 + 6807. Suppose -12*t + 7*t + w = -b, 5*t - 5*b = 6825. Is t a prime number?
True
Let m be 2/17 + (-50076)/(-51). Suppose -5*g + 3*y = -0*y - 4826, g = -5*y + m. Is g a composite number?
False
Let d(l) = 270*l**2 - 25*l - 59. Is d(18) a composite number?
True
Let l be (-1192)/64*-26*4/(-1). Let f = l - -8204. Is f composite?
True
Let z be 30/14 + (-8)/56*1. Suppose z*b + 17*b - 11039 = 0. Is b composite?
True
Is (-127105545)/(-888) + 2/16 composite?
False
Is (38299/(-5) + -3)/((-7)/(490/28)) prime?
True
Suppose 157447 = 89*f - 85*f - 142869. Is f prime?
True
Suppose 171 = -43*x + 558. Suppose -10*k + 20431 = -x*k. Is k composite?
False
Let s be 31 + 6/2*-1. Suppose -5*q + 628 = s. Let u = 1241 + q. Is u composite?
False
Let h = -622 - -232. Let o = 1331 + h. Is o a composite number?
False
Let l = -27 - -25. Let k be ((5 - -31)/l)/(2/(-1)). Is (-6 + (k - 4))/(1/(-149)) composite?
False
Is (20/16*2)/(100/5139560) composite?
False
Suppose 0 = -13*t - 8 + 47. Suppose -t*g - 5*o = -27727, -3*g + 23951 = 3*o - 3772. Is g a prime number?
True
Let r = 2670808 - 1448057. Is r prime?
True
Suppose 0 = -l + 2*u + 28, -l + 12 = 5*u - 44. Suppose 21623 = 43*t - l*t. Is t composite?
False
Suppose 0 = -5*x - 5664 + 38244. Suppose 4*y - x - 496 = 0. Is y prime?
True
Suppose -12803 + 3146 = -9*c. Suppose -10*t + 9*t + c = 0. Is t composite?
True
Let h = -422 - -428. Suppose f - h*f = -u + 163, -3*u + 471 = 3*f. Is u prime?
False
Let q = 129 + -125. Suppose q*f - 6*f + 2044 = 0. Let d = -577 + f. Is d a prime number?
False
Suppose -8*m = 4*y - 6*m - 42632, 10637 = y + 4*m. Is y a composite number?
True
Let p = 154 - 131. Suppose -p*d + 51593 = -58140. Is d prime?
False
Is 8 - (-23)/69*(-502569)/(-3) composite?
False
Suppose 4*s = b - 75219, -s + 39991 = b - 35203. Is b a prime number?
False
Let l = 405 + -616. Let q = -32 - l. Is q a composite number?
False
Let h be 2/(-8) - (-5 + 4298/(-8)). Let b = 5115 + h. Suppose -7*p = -b + 1702. Is p a prime number?
False
Suppose 3*t = -w - 37709, -4*w - 16721 - 20994 = 3*t. Let y = 18390 - t. Is y a prime number?
False
Let l = 30 - 28. Let c be 6188 + (-8)/(l - -2). Suppose 8*f = -1138 + c. Is f a composite number?
False
Suppose -5*t + 4*q + 184453 = 37164, -4*t = 5*q - 117782. Is t composite?
False
Suppose 15*d + 29 = -u + 17*d, 2*d = -4*u - 106. Let q(v) = -25*v - 56. Is q(u) composite?
False
Let s(r) = -3*r**2 + 2*r - 7. Let l be s(-2). Let h(b) = -35*b - 26. Is h(l) a prime number?
False
Is 2/(-21) + (208396488/504 - -4) a composite number?
True
Suppose 1828712 + 92426 = 4*z + 2*u, 4*z + 3*u - 1921133 = 0. Is z composite?
False
Let p = 9 + -5. Let q be (-2)/(-3) + (70/21 - 1). Suppose 0*v + 5*v - 645 = -p*f, 0 = q*f - 5*v - 440. Is f a prime number?
False
Let f(o) = -6*o**3 - 144*o**2 + 171*o + 196. Let v(w) = w**3 + 29*w**2 - 34*w - 39. Suppose -4 = 6*n - 70. Let u(q) = n*v(q) + 2*f(q). Is u(16) a prime number?
False
Suppose 3*h - 20958 = -h - 2*h. Is h a composite number?
True
Let k(b) = 3*b**3 - b**2 - 13*b - 19. Let y be k(-7). Let g = 1447 - y. Is g a prime number?
False
Let s(y) = 2234*y**2 - 19*y - 189. Is s(-8) prime?
True
Let y = -127 + 122. Is y - (-2965)/5 - -1 a composite number?
True
Let f(o) = 439*o + 1919. Is f(2) prime?
True
Suppose -4*n = 4*f - 36, 0 = n + 6*f - 4*f - 6. Suppose -6*r = -n*r + 61338. Is r a prime number?
True
Let u(h) = 1241*h**2 + 4*h + 106. Let y be u(9). Let n = y - 60056. Is n composite?
True
Let t be (6 - 2) + 0 + -1. Suppose -25*w - t = -28*w. Is (-4 - -8*w) + 1411 composite?
True
Let b(g) = 4*g**3 + 28*g - 22*g**3 + 3*g**2 + 4*g**3 -